et d(c) = c + 1. Let w(a) = 3*d(a) + m(a). Let s be w(-5). What are the prime factors of t(s)?
2, 11
Let n(m) = -6*m - 119. List the prime factors of n(-21).
7
List the prime factors of (-8)/52 - 6970/(-13).
2, 67
Suppose -6*k - 6 = 18. Let g(z) = 3*z + 2*z**2 + 6 - 3 + 0*z**2. List the prime factors of g(k).
23
Suppose 2*x = 5*c - 4242, -3*c + 4*x - 9*x = -2570. What are the prime factors of c?
2, 5, 17
Suppose 3*b = -27*b + 43200. List the prime factors of b.
2, 3, 5
List the prime factors of (4 - -2)*(234/12 - -2).
3, 43
Let m(o) = -o**2 - 20*o - 6. Let w be m(-15). Suppose 460 = 5*g - 2*d - d, g + 4*d = w. Suppose -19 - g = -4*c. What are the prime factors of c?
3
Suppose 2*j + 3*l - l = 46, 2*j + 5*l - 49 = 0. Let x be (-2)/(-3) + j/3. What are the prime factors of ((-6)/8)/(x/(-160))?
3, 5
Let j = -3 - -9. Let t be (-4)/(-8)*30/3. List the prime factors of j/t*(-100)/(-4).
2, 3, 5
Let s = 1201 + 1922. What are the prime factors of s?
3, 347
List the prime factors of 16/200*10 - (-6646)/5.
2, 5, 7, 19
Suppose -2*a - 5*i + 15 = 3*a, 3*a + 4*i - 13 = 0. List the prime factors of (a - (-2 + -61))*1.
2, 31
Suppose 8*j - 20 = 3*j - i, -4*i = 5*j - 35. Suppose 4*t = 4*l - l - 130, -15 = -j*t. What are the prime factors of l?
2, 5
List the prime factors of 1*(-2)/8 + (-353207)/(-428).
3, 5, 11
Let s be -2 + (2 - -1 - -1). Suppose 45 + s = l. List the prime factors of l.
47
Suppose -4*x - 16 = 0, x + 2676 = 3*n + 518. List the prime factors of n.
2, 359
Let i = -1251 + 2395. What are the prime factors of i?
2, 11, 13
Let p(f) = f**3 + 9*f**2 + 8*f + 4. Let r be p(-8). Let t(q) = -r*q + 2*q + 8*q + 0 + 2. What are the prime factors of t(2)?
2, 7
Let x = 1094 - -174. List the prime factors of x.
2, 317
Let s be (-6)/(-4)*(-4)/(-3). Suppose 3*d = -2*x + 18, d - x + s*x - 5 = 0. Let w(h) = h**3 - 8*h**2 + h + 2. List the prime factors of w(d).
2, 5
Let f(u) = u**2 + 5*u - 81. Let d(s) = -2*s**2 - 9*s + 162. Let j(t) = 6*d(t) + 11*f(t). What are the prime factors of j(0)?
3
Suppose 5*x = 2*x + 2*w + 4169, -3*x = 2*w - 4177. List the prime factors of x.
13, 107
Let x be 0 - (1*(-19 - 2) - -3). Suppose 0 = 19*b - x*b - 59. What are the prime factors of b?
59
Let n = -14 - -158. What are the prime factors of n?
2, 3
Let q = -17 - -12. Let j(c) = 3*c**2 + 5*c - 9. Let a be j(q). Suppose 2*v - a = -4*i - 3*v, 3*i - v = 7. What are the prime factors of i?
2
Let r(z) = 9*z + 423. List the prime factors of r(59).
2, 3, 53
List the prime factors of (-28 + 418)*(-3)/(-30)*52.
2, 3, 13
Let f = 304 - 46. List the prime factors of f.
2, 3, 43
Let b(k) be the first derivative of k**4/4 - 5*k**3/3 - 5*k**2/2 + 108. Let t = 17 - 11. List the prime factors of b(t).
2, 3
Let h = -72 + 72. Suppose -2*m + n + 201 = h, -3*n + 111 = m - 0*n. What are the prime factors of m?
2, 3, 17
Let b(y) = 4*y**2 - 3*y + 2. Let w be b(-2). List the prime factors of -2 - w/(-9) - 415/(-3).
139
Let i = 4 - 3. Suppose i = -s + 5. Suppose 0 = -3*n - 3, 50 = 3*f + s*n - 12. List the prime factors of f.
2, 11
Let b(i) = 2*i**2 - 17*i - 5. Let j be b(9). Suppose 4*a = 3*r + 39 - 329, 0 = j*r - 5*a - 388. What are the prime factors of r?
2, 3, 17
Let m = 11 + 15. Let r = m - -15. What are the prime factors of r?
41
Suppose -475 = 7*a - 1637. Let x = a + -64. What are the prime factors of x?
2, 3, 17
Let x be 1/(2 - (-20)/(-12)). Suppose -3*f - x*s + 162 = 0, 0*f = -f - 4*s + 48. What are the prime factors of f?
2, 7
Suppose 0 = 5*x - 59 - 16. Let f be (-10)/x + (-148)/(-6). Let i = f - 13. List the prime factors of i.
11
Let g = 471 - 218. Let m = g - 137. What are the prime factors of m?
2, 29
Let m = 38 - 22. Suppose -c = -2*b - m, 2*c - 3*c = -3*b - 15. List the prime factors of c.
2, 3
Let o = -2553 + 3634. List the prime factors of o.
23, 47
Let u = -3775 + 6152. What are the prime factors of u?
2377
Suppose 7886 + 14646 = 43*d. List the prime factors of d.
2, 131
Let g(b) = 13*b - 1. Let r be g(5). Suppose 9*n - 250 = 4*n. Suppose -3*l + n = -r. List the prime factors of l.
2, 19
Suppose -2*a - 14*r = -11*r - 143, -4*a = -2*r - 310. List the prime factors of a.
2, 19
Let z be (-8 - -3)*(-1 + 0). Suppose -f = z + 3. What are the prime factors of 42 + -6*f/(-12)?
2, 19
Let f be -64 + (-4)/(-1 + 2). Let z = 128 + f. What are the prime factors of z?
2, 3, 5
Let a(m) = -10*m**3 + 5*m**2 + 109*m + 17. List the prime factors of a(-7).
29, 101
Suppose i + 0*i = y + 154, -3*y = -5*i + 774. Suppose -2*a + 4*l = -156, -146 = -4*a - 2*l + i. Suppose a - 236 = -5*j. What are the prime factors of j?
2
Let u = 3683 + -2595. List the prime factors of u.
2, 17
Suppose -98 - 27 = -5*n - k, 5*k = 5*n - 125. List the prime factors of n.
5
Let y(s) be the third derivative of s**6/40 - s**5/15 + s**4/8 - s**3/3 - 3*s**2. Let a be y(-5). List the prime factors of a/(-44) - (-6)/(-33).
11
Suppose -22 + 1330 = 2*b + g, b - 649 = 2*g. What are the prime factors of b?
653
Suppose 5*h - 5564 = -4*o, o + 5*h + 588 - 1979 = 0. List the prime factors of o.
13, 107
Suppose 4*z - 18 = -5*q, 0 = 2*q - 4. Suppose -z*k = u - 17 - 3, -5*u - 4*k + 124 = 0. What are the prime factors of u?
2, 7
Let c = 2177 - 532. What are the prime factors of c?
5, 7, 47
List the prime factors of 2/((-14)/(-245))*(12 - 1).
5, 7, 11
Suppose 37323 = 129*c - 100*c. What are the prime factors of c?
3, 11, 13
Suppose 4*o - 2*o + 3*f - 1266 = 0, -2*o - 2*f + 1264 = 0. List the prime factors of o.
2, 3, 5, 7
Suppose -2*d + 8 = 3*s, 3*s = -3*d + 4*s - 10. Let y be (46 + -2)/((-4)/d). Suppose 0 = b + 4, -q + 3*q + b = y. List the prime factors of q.
13
Let y(g) = -g**3 - g**2 + g - 1. Let q(c) = 4*c**3 + 14*c**2 + 3*c + 5. Let k(b) = q(b) + 5*y(b). Let t be k(10). List the prime factors of -3 + t*(-10)/4.
47
Suppose -15502 = -12*c - 34*c. List the prime factors of c.
337
Let w = 145 - -356. What are the prime factors of w?
3, 167
Suppose -5*h + 2*h + 258 = 0. Let x = h - 22. List the prime factors of x.
2
Suppose -6*x - 370 + 28 = 0. Let u = x + 119. List the prime factors of u.
2, 31
Let j = 218 + 84. What are the prime factors of j?
2, 151
Let d = -48 + 54. Suppose d*r = -5*r + 550. List the prime factors of r.
2, 5
Let g(s) = -4*s**3 + s**2 + s - 1. Let z be g(1). Let b be (-4)/(-6)*(z - -42). Suppose 3*h + b = 5*h. What are the prime factors of h?
13
What are the prime factors of (-42)/4*2*728/(-39)?
2, 7
Let r = -1515 + 2905. What are the prime factors of r?
2, 5, 139
Suppose 9*w + 6*w - 13*w = 0. Suppose -2*a + 18 = k, -5*k - 18 = -2*a - w*k. List the prime factors of a.
3
Let y(j) be the second derivative of -j**5/20 + 13*j**4/6 - 17*j**3/6 - 7*j**2 + 9*j. What are the prime factors of y(25)?
2, 3, 31
Suppose -t + 4 + 7 = 0. Let f = -13 + -42. What are the prime factors of (-1935)/f + (-2)/t?
5, 7
Suppose 0 = a - 6 + 4. Suppose 2*h = r + a, 0*h + 4*h = 4*r. Suppose -d = r - 21. List the prime factors of d.
19
Let l = 45 + -48. Let t(c) = -2*c**3 + 2*c**2 + 7*c + 5. What are the prime factors of t(l)?
2, 7
Let h(t) = -1 + t + 16*t + 0 - 3 - 13*t. Suppose 3*x + 8 = 26. List the prime factors of h(x).
2, 5
Suppose 4*i + 642 = 5*h, 5*h - 2*i - i = 644. Suppose 4*p + 14 = h. What are the prime factors of p?
29
Let s be (-42)/(-1) + (-1)/1. Let l = -23 + s. List the prime factors of l.
2, 3
Let b = -31 + 17. Suppose 0 = 3*c + 1 - 64. Let l = c + b. List the prime factors of l.
7
Let a(v) = -v + 1. Let t(c) = -9*c + 9. Let i(b) = -4*a(b) + t(b). Let x be i(-6). Let z = 52 - x. What are the prime factors of z?
17
Let x(j) = j**2 - 18*j - 16. Let c be x(19). Suppose 0 = -c*h + 3*k + 366, 2*h + 2*k - 190 = 34. What are the prime factors of h?
3, 13
Let s = 31 + -19. Let z = -14 + s. What are the prime factors of (-1)/(z/56) + 4?
2
Let c be (9/(-18))/(1/(-4)). Suppose -4*i - 5*a = -159, 0*i - 4*i + 166 = -c*a. Suppose 0*u = u - i. What are the prime factors of u?
41
Let m(u) be the second derivative of 0 + 6*u + 5/2*u**2 - 2/3*u**3 + 5/12*u**4. List the prime factors of m(4).
3, 23
Let z = -3067 - -5827. What are the prime factors of z?
2, 3, 5, 23
Suppose -37*h = -36*h - 516. What are the prime factors of h?
2, 3, 43
Let v be -3 + (-25)/(-9) + 504/81. What are the prime factors of -69*(-3)/v*2?
3, 23
Let y be (-652)/(-28) - 6/21. Suppose -3*s = 3*r